5. Is a(6) composite?
False
Let y(p) = 12*p**3 + 6*p**2 - 3*p - 8. Let f be 1*(-7 + 6) + 5*1. Let z be y(f). Suppose 3*i = -i + z. Is i a composite number?
False
Let r(l) = -1266*l**3 - l**2 - 41*l - 381. Is r(-10) a composite number?
True
Let f be (28/(-6))/(32/(-1200)). Let i = f + -92. Is i a composite number?
False
Let r be 7/((-105)/(-66070))*(-2 - -8). Suppose 0 = -9*o - r + 80491. Is o a prime number?
True
Let j(c) = 2*c**3 - 80*c**2 + 29*c - 194. Is j(53) composite?
False
Let a = -5085 - -7727. Suppose -5*u = 0, -3*j = -4*u - 39787 - a. Is j composite?
False
Let m = 76 + -68. Is (m/(-2))/((-8)/(-41812)*-2) a prime number?
True
Let q = -22190 + 37768. Is q a composite number?
True
Suppose 15452804 = 58*k - 11974410. Is k a composite number?
False
Let x = -19484 + 34713. Is x a prime number?
False
Let z(m) = m**2 + 19*m + 12805. Let j be z(0). Suppose 0 = 4*q + 3*o - 26179, -3*q + o + 6839 = -j. Is q a prime number?
True
Let p(k) = 3*k**2 - k + 2. Let m be (0 + -3)/(3/2). Let c be p(m). Is 8/c - (-7058)/4 a composite number?
True
Let a(r) = -16*r**2 + r + 11. Let n be a(0). Let v(g) = 6*g**3 + 22*g**2 + 6*g - 27. Is v(n) a prime number?
True
Let j = 702216 + -337898. Is j a composite number?
True
Let q(s) = 3*s + 3. Let f be q(23). Suppose -27*z + f = -24*z. Suppose 22*i + 282 = z*i. Is i composite?
True
Is (-3)/(-7) - (3 - 606333495/217) a prime number?
False
Suppose -1375 = -n - 98. Suppose -f + 5 = 0, -4*f + n = -3*y + 114. Let o = -202 - y. Is o composite?
False
Let m = -8684 - -8681. Let u be (6/3)/((-2)/2). Is (-13329)/(-6)*u/m prime?
True
Let r = -134725 + 235944. Is r prime?
False
Let p(z) = -17*z + 5. Suppose -5*i = -2*m - 42, 3*i + 9 = -5*m + 28. Let a be p(i). Let v = a - -405. Is v prime?
False
Suppose 3*j = 9892 - 42304. Let z = j + 27473. Is z a composite number?
True
Suppose -5*v + 4*n = 9454, 3*v + 5*n + 5674 = 9*n. Let t = v + 4388. Is t composite?
True
Let n = 3 - 9. Let z be (n/5)/((-3)/5). Suppose 4*u = z*a + 1002, 0*a = 5*u - 3*a - 1252. Is u a prime number?
True
Let f be (1 - 1)*(-4)/24. Suppose 3*z = -2*u + 27057, 0 = u - f*u. Is z prime?
False
Suppose 30*q - 26*q - 5*s = -3067, -3*q - 2295 = -2*s. Let x = q - -5600. Is x a composite number?
True
Let n = -3595 - -6831. Suppose 160*p - n = 156*p. Is p a prime number?
True
Suppose 57*s + 119*s - 2492102 = -50*s. Is s prime?
True
Let u = -864 - -865. Let v(n) = 380*n**2 + 3*n - 2. Is v(u) prime?
False
Let t = 718 + -713. Suppose -4*a - t*v = -3*v - 17300, -a + 4311 = 4*v. Is a a composite number?
False
Let l(f) = 9*f**2 - f + 3. Let w be l(-2). Suppose 37*d - 4 = w*d. Is d + 483 + (-20)/5 a prime number?
False
Suppose -26*j + 30*j = 26*j - 7830746. Is j prime?
False
Suppose -3621 = -6*q + 6015. Suppose q = 5*b - 3439. Is b a composite number?
False
Let c(d) = 2*d**3 + 48*d**2 - 51*d - 28. Let g be c(-25). Is (-1)/((-16636)/(-5546) + g) a prime number?
False
Let f = -14174 + 28795. Is f a prime number?
True
Suppose -18*s = 22066 - 108196. Suppose 163*q - 148*q - s = 0. Is q prime?
False
Let y be (-1)/4*6 - (-108)/8. Suppose -42*k + 39*k = -y. Suppose 0 = -k*r + 339 + 2537. Is r a composite number?
False
Is (-7230019)/(-58)*(-4 + 6) composite?
False
Let i = 480 + 29339. Is i prime?
True
Suppose -4*g - g - 11 = -4*a, 2*a - 4 = 4*g. Let n be 2/(a - 8 - -5). Is ((-28852)/(-5))/n + 13/(-65) composite?
True
Let a = -1430398 + 2071271. Is a composite?
False
Suppose 3*j = 408*m - 405*m - 1545456, -2*j = 5*m - 2575809. Is m composite?
True
Let d(c) = 13429*c + 9489. Is d(32) composite?
False
Let y = 2109 + 3248. Is y a composite number?
True
Let k(g) = -1137*g + 2. Let d(u) = -2275*u + 5. Let y(i) = 6*d(i) - 13*k(i). Is y(1) a prime number?
False
Suppose 8 = 3*q - 2*d, 5*q - 2*d = 41 - 25. Let x be (24/2)/2 + 0. Suppose q*u + 110 = x*u. Is u a composite number?
True
Let n = 680 - 625. Suppose n*g = 41*g + 25774. Is g a composite number?
True
Let y(w) = -8*w + 6*w + 2*w**2 - 1 + 86*w**2. Let l be 18/(2 - 8) - 0. Is y(l) prime?
True
Let o = 18316 + 142965. Is o prime?
True
Let x(a) = 47*a**3 + 46*a**2 + 12*a + 16. Is x(9) a composite number?
False
Suppose 53*b + 60264784 = 421*b. Is b a composite number?
True
Suppose 10008 = -0*n + 12*n. Suppose 0 = -2*h + f + 906 + n, -8 = -4*f. Is h a prime number?
False
Let m = 496 + -502. Is 1 + 0 + (2 - 19776/m) composite?
False
Suppose 6*f + 2 = -58. Is ((-10418)/2)/(f/50*5) a composite number?
False
Suppose 0 = -3*o - 3*u - 3, 2*o - 2*u - 3 = u. Suppose o = 3*n - 5*p - 7103, n = 12*p - 9*p + 2365. Is n a prime number?
True
Let r be 2/(-4)*(-7 + 3/3). Let u(z) = 36*z**3 - 2*z**2 + 2. Let h be u(2). Is (3/2)/(1*r/h) a prime number?
False
Let d be 17111100/42 + (-6)/42. Is (-2)/(-12) - d/(-66) prime?
True
Let s = 1966975 - 1378964. Is s a prime number?
True
Let k(t) = 131*t + 33. Let u be k(5). Let v = u + -277. Is v a composite number?
True
Suppose -4*z = -4*r + 44, 4*r = z + 2*z + 35. Let y(u) = -188*u + 8. Let w be y(z). Suppose 0 = -3*t + 817 + w. Is t a composite number?
False
Let d = 3 - 0. Suppose o - 2*n - 355 = -0*o, 5*o + n - 1731 = 0. Suppose d*w - 4*b = 2*w + o, 350 = w - 5*b. Is w a prime number?
False
Let u(y) be the second derivative of -y**5/20 - 2*y**4/3 - 5*y**3/3 - 15*y**2/2 + 21*y. Let v be u(-7). Is (-5 + v)*1*127 composite?
False
Suppose -3*s + 40979 = -2*z + 6*z, -z = 4*s - 54617. Suppose 0 = -2*j + 5*l + s, 3*j + l + l - 20527 = 0. Is j prime?
False
Let f be -29 - 2 - (1 - (-1 + 4)). Let q = f - -30. Is (-2*2 + 8 + 627)/q composite?
False
Let j(p) = -p**3 + 9*p**2 - 5*p - 36. Let x(v) = 2*v**2 + 17*v + 29. Let l be x(-7). Let n be j(l). Is (-6)/n*-673*-1*2 a composite number?
False
Suppose -53*c + 4*i = -51*c - 29382, 3*c = -5*i + 44084. Is c a composite number?
True
Suppose 0 = q + 7*m - 8*m - 2, m - 13 = -4*q. Suppose -2*v - q = -v, 2*r = 5*v + 11933. Is r composite?
True
Suppose 6*a + 3 = -3. Let c be -2 + (a - -1)/2. Is (1*-6)/(c/29) prime?
False
Let j be -6 + (-15)/(-3) + 6. Suppose -2*q - 4*x + 0*x - 11314 = 0, 2*x + 28317 = -j*q. Let w = -2258 - q. Is w composite?
False
Let y(q) = 8*q - 76. Let z be y(11). Let x(m) = 123*m**2 + 121*m + 17. Is x(z) a prime number?
True
Let n = -12429 - 6412. Let v = 27648 + n. Is v a prime number?
True
Suppose 108*x - 5031380 = 57*x + 4433557. Is x prime?
False
Let y(x) = -13*x**3 + 7*x**2 + 20*x - 4. Let n(t) = -7*t**3 + 3*t**2 + 10*t - 2. Let c(m) = -11*n(m) + 6*y(m). Let i be c(10). Let b = 19 - i. Is b composite?
True
Suppose 431917 = 5*n - 4*l, 30 = -7*l - 3*l. Is n a composite number?
False
Suppose -77 = -y + 5*t, 4*y - 3*t - 368 = 2*t. Let a = y - 88. Let k(l) = 2*l**2 + 22*l - 13. Is k(a) prime?
True
Let c(s) = 7*s**2 + 23*s + 4955. Is c(-146) prime?
False
Suppose 190*i = 210*i - 17721140. Is i a prime number?
False
Let q be (2/(-5))/((-6)/75). Suppose -13*v + 24 = -q*v. Suppose 4*l = -v*i + 6385, -4*l = -7*i + 2*i - 6361. Is l prime?
False
Suppose 59*g + 171593 = -2*g. Let k = g - -6232. Is k prime?
False
Let k(m) = -m**3 - 98*m + 183661. Is k(0) a prime number?
True
Suppose -115*y = -38208692 - 5443353. Is y a prime number?
False
Suppose 0 = -7*w + w - 318864. Let k be 4/(-6) + w/(-12). Let o = -2489 + k. Is o a prime number?
False
Let g(f) = 8*f**3 + 7*f**2 - 115*f + 209. Is g(23) prime?
False
Suppose -87458 = 1341*u - 1355*u. Is u prime?
True
Suppose 55*l = t + 59*l - 6357, 0 = 2*t - 3*l - 12692. Is t a prime number?
False
Let s = -40 - -43. Suppose t - 3*x = -17 - 6, 14 = -s*t - 2*x. Is (-2)/(-16) + (-6823)/t prime?
True
Suppose -8 = -4*m - 0*m, -5*b + 3*m = 9771. Let y = b - 246. Let o = -1080 - y. Is o a composite number?
True
Suppose 33*o - 87043 = 473264. Is o prime?
True
Let b(o) = 78*o - 1. Let c(w) = -w**2 - 8*w + 70. Let f be c(-13). Is b(f) a composite number?
False
Suppose 3*r = h + 6, 9 = -2*h + 5*h. Let x be r + (-25125)/2 - 6/(-4). Is 9/72 - x/16 composite?
True
Suppose 5*x = 58*l - 62*l + 12554219, -2*x - 3*l = -5021689. Is x composite?
False
Suppose -10 = 5*t - 20. Suppose -4*j - t = -14. Suppose 0 = -5*v + 2*l + 1157 + 708, 0 = -j*v - 4*l + 1093. Is v composite?
True
Let y(p) = 246*p**3 - p**2 + 26*p + 46. Is y(7) a composite number?
True
Let j(n) = 206*n**3 + 15*n**2 - 74*n + 25. Is j(6) prime?
True
Let o be -18 + (0/3)/(-4). Let f(y) = 3*y**2 -